{"id":1714,"date":"2024-05-23T11:08:54","date_gmt":"2024-05-23T11:08:54","guid":{"rendered":"https:\/\/eithealth.es\/thinkandactforvalue\/?page_id=1714"},"modified":"2024-07-18T06:33:23","modified_gmt":"2024-07-18T06:33:23","slug":"manifiesto","status":"publish","type":"page","link":"https:\/\/eithealth.es\/thinkandactforvalue\/manifiesto\/","title":{"rendered":"Manifiesto"},"content":{"rendered":"<div id='layer_slider_1'  class='avia-layerslider main_color avia-shadow  avia-builder-el-0  el_before_av_section  avia-builder-el-first  container_wrap fullsize'  style='height: 651px;'  ><div id=\"layerslider_6_j9hygjnahqxh\" class=\"ls-wp-container fitvidsignore\" style=\"width:1140px;height:100vh;margin:0 auto;margin-bottom: 0px;\"><div class=\"ls-slide\" data-ls=\"duration:10000;transition2d:5;transitionduration:1500;kenburnszoom:in;kenburnsrotate:0;kenburnsscale:1.1;\"><img loading=\"lazy\" decoding=\"async\" width=\"1920\" height=\"1080\" src=\"https:\/\/eithealth.es\/thinkandactforvalue\/wp-content\/uploads\/2024\/05\/TITULO1.jpg\" class=\"ls-bg\" alt=\"\" srcset=\"https:\/\/eithealth.es\/thinkandactforvalue\/wp-content\/uploads\/2024\/05\/TITULO1.jpg 1920w, https:\/\/eithealth.es\/thinkandactforvalue\/wp-content\/uploads\/2024\/05\/TITULO1-300x169.jpg 300w, https:\/\/eithealth.es\/thinkandactforvalue\/wp-content\/uploads\/2024\/05\/TITULO1-1030x579.jpg 1030w, https:\/\/eithealth.es\/thinkandactforvalue\/wp-content\/uploads\/2024\/05\/TITULO1-768x432.jpg 768w, https:\/\/eithealth.es\/thinkandactforvalue\/wp-content\/uploads\/2024\/05\/TITULO1-1536x864.jpg 1536w, https:\/\/eithealth.es\/thinkandactforvalue\/wp-content\/uploads\/2024\/05\/TITULO1-1500x844.jpg 1500w, https:\/\/eithealth.es\/thinkandactforvalue\/wp-content\/uploads\/2024\/05\/TITULO1-705x397.jpg 705w\" sizes=\"(max-width: 1920px) 100vw, 1920px\" \/><img loading=\"lazy\" decoding=\"async\" width=\"1920\" height=\"1080\" src=\"https:\/\/eithealth.es\/thinkandactforvalue\/wp-content\/uploads\/2024\/05\/TITULO1.jpg\" class=\"ls-tn\" alt=\"\" srcset=\"https:\/\/eithealth.es\/thinkandactforvalue\/wp-content\/uploads\/2024\/05\/TITULO1.jpg 1920w, https:\/\/eithealth.es\/thinkandactforvalue\/wp-content\/uploads\/2024\/05\/TITULO1-300x169.jpg 300w, https:\/\/eithealth.es\/thinkandactforvalue\/wp-content\/uploads\/2024\/05\/TITULO1-1030x579.jpg 1030w, https:\/\/eithealth.es\/thinkandactforvalue\/wp-content\/uploads\/2024\/05\/TITULO1-768x432.jpg 768w, https:\/\/eithealth.es\/thinkandactforvalue\/wp-content\/uploads\/2024\/05\/TITULO1-1536x864.jpg 1536w, https:\/\/eithealth.es\/thinkandactforvalue\/wp-content\/uploads\/2024\/05\/TITULO1-1500x844.jpg 1500w, https:\/\/eithealth.es\/thinkandactforvalue\/wp-content\/uploads\/2024\/05\/TITULO1-705x397.jpg 705w\" sizes=\"(max-width: 1920px) 100vw, 1920px\" \/><div style=\"background: linear-gradient(to bottom, rgba(0,0,0,0.66) 0%,rgba(0,0,0,0) 100%);top:0%;left:50%;text-align:initial;font-weight:400;font-style:normal;text-decoration:none;mix-blend-mode:normal;width:100%;height:80%;\" class=\"ls-l\" data-ls=\"easingin:easeOutQuint;static:forever;position:fixed;\"><\/div><p style=\"top:207px;left:50%;text-align:initial;font-weight:800;font-style:normal;text-decoration:none;mix-blend-mode:normal;font-family:Montserrat;font-size:79px;line-height:79px;color:#ffffff;\" class=\"ls-l\" data-ls=\"offsetyin:100lh;durationin:1200;easingin:easeOutQuint;fadein:false;clipin:0 0 100% 0;texttransitionin:true;texttypein:words_asc;textdurationin:1200;texteasingin:easeOutQuint;textfadein:false;textstartatin:transitioninstart + 0;textrotatein:10;static:forever;\">MANIFIESTO<\/p><p style=\"top:302px;left:-98px;text-align:center;font-weight:400;font-style:normal;text-decoration:none;mix-blend-mode:normal;font-family:Montserrat;font-size:24px;line-height:30px;color:rgba(255, 255, 255, 0.9);width:1337px;white-space:normal;\" class=\"ls-l\" data-ls=\"offsetyin:-30;delayin:300;easingin:easeOutExpo;fadein:false;scaleyin:0;transformoriginin:50% 0% 0;texttransitionin:true;texttypein:lines_asc;textshiftin:100;textoffsetyin:-20;texteasingin:easeOutQuint;textstartatin:transitioninstart + 100;static:forever;\">&iexcl;EL MOMENTO DE PONERSE EN MARCHA, ES AHORA!<\/p><a style=\"\" class=\"ls-l\" href=\"https:\/\/eithealth.eu\/privacy-policy\/\" target=\"_blank\" data-ls=\"offsetyin:-30;delayin:300;easingin:easeOutExpo;fadein:false;scaleyin:0;transformoriginin:50% 0% 0;texttransitionin:true;texttypein:lines_asc;textshiftin:100;textoffsetyin:-20;texteasingin:easeOutQuint;textstartatin:transitioninstart + 100;static:forever;\" rel=\"noopener\"><p style=\"top:502px;left:50%;text-align:center;font-weight:400;font-style:normal;text-decoration:none;mix-blend-mode:normal;font-family:Montserrat;font-size:12px;line-height:30px;color:rgba(255, 255, 255, 0.9);width:1337px;white-space:normal;\" class=\"\">By subscribing to the Manifesto, you agree to EIT Health's terms and conditions.<\/p><\/a><p style=\"top:374px;left:-337px;text-align:center;font-weight:400;font-style:normal;text-decoration:none;mix-blend-mode:normal;font-family:Montserrat;font-size:14px;line-height:20px;color:rgba(255, 255, 255, 0.9);width:1337px;white-space:normal;\" class=\"ls-l\" data-ls=\"offsetyin:-30;delayin:300;easingin:easeOutExpo;fadein:false;scaleyin:0;transformoriginin:50% 0% 0;texttransitionin:true;texttypein:lines_asc;textshiftin:100;textoffsetyin:-20;texteasingin:easeOutQuint;textstartatin:transitioninstart + 100;static:forever;\">Adhi&eacute;rete al manifiesto <br>como instituci&oacute;n<\/p><p style=\"top:374px;left:149px;text-align:center;font-weight:400;font-style:normal;text-decoration:none;mix-blend-mode:normal;font-family:Montserrat;font-size:14px;line-height:20px;color:rgba(255, 255, 255, 0.9);width:1337px;white-space:normal;\" class=\"ls-l\" data-ls=\"offsetyin:-30;delayin:300;easingin:easeOutExpo;fadein:false;scaleyin:0;transformoriginin:50% 0% 0;texttransitionin:true;texttypein:lines_asc;textshiftin:100;textoffsetyin:-20;texteasingin:easeOutQuint;textstartatin:transitioninstart + 100;static:forever;\">Adhi&eacute;rete al manifiesto <br> a t&iacute;tulo personal<\/p><a style=\"\" class=\"ls-l\" href=\"https:\/\/forms.gle\/Hnhf6KnX3Eaxbyk87\" target=\"_blank\" rel=\"noopener\"><span style=\"top:429px;left:175px;font-weight:700;background-size:inherit;background-position:inherit;padding-top:15px;padding-right:60px;padding-bottom:15px;padding-left:60px;font-family:Arial, sans-serif;font-size:16px;background-color:#fcc034;color:#fff;border-radius:50px;\" class=\"\">ADHESI&Oacute;N ORGANIZACI&Oacute;N<\/span><\/a><a style=\"\" class=\"ls-l\" href=\"https:\/\/forms.gle\/AJa1Wgth1qveSv4a7\" target=\"_blank\" rel=\"noopener\"><span style=\"top:430px;left:619px;font-weight:700;background-size:inherit;background-position:inherit;padding-top:15px;padding-right:60px;padding-bottom:15px;padding-left:60px;font-family:Arial, sans-serif;font-size:16px;background-color:#fcc034;color:#fff;border-radius:50px;\" class=\"\">ADHESI&Oacute;N A T&Iacute;TULO PERSONAL<\/span><\/a><\/div><\/div><\/div>\n<div id='av_section_1'  class='avia-section av-4fkf5u-4b8614f5aa8a4851fefddcb349082989 main_color avia-section-default avia-no-border-styling  avia-builder-el-1  el_after_av_layerslider  avia-builder-el-last  avia-bg-style-scroll container_wrap fullsize'  ><div class='container av-section-cont-open' ><div class='template-page content  av-content-full alpha units'><div class='post-entry post-entry-type-page post-entry-1714'><div class='entry-content-wrapper clearfix'>\n<div  class='flex_column av-25i14y-f281c478c99f4f117d34d1cd92d88079 av_one_full  avia-builder-el-2  avia-builder-el-no-sibling  first flex_column_div  '     ><section  class='av_textblock_section av-lwkj2b6t-ad4c203c6152a94b41ef49ee225fc33f '   itemscope=\"itemscope\" itemtype=\"https:\/\/schema.org\/CreativeWork\" ><div class='avia_textblock'  itemprop=\"text\" ><p class=\"p1\">El\u00a0<a href=\"https:\/\/eithealth.es\/thinkandactforvalue\/wp-content\/uploads\/2024\/07\/Manifiesto-TA_2024.pdf\" target=\"_blank\" rel=\"noopener\"><span class=\"s1\">Manifiesto de Think&amp;Act for Value<\/span><\/a>, recoge el prop\u00f3sito, recomendaciones y la llamada a la acci\u00f3n a todos aquellos agentes del ecosistema de innovaci\u00f3n en salud que quieran avanzar hacia un nuevo modelo de atenci\u00f3n sanitaria.<\/p>\n<p class=\"p1\">Se trata de un punto de encuentro, un proyecto integrador, y aglutinador de experiencias. Para ello, a trav\u00e9s de\u00a0<span class=\"s1\">este manifiesto<\/span>, alentamos a todos los miembros relevantes de este ecosistema a formar parte de esta plataforma de co-creaci\u00f3n, de modo que consigamos entre todos estructurar la atenci\u00f3n sanitaria entorno al paciente, personalizando la atenci\u00f3n atendiendo a sus condiciones m\u00e9dicas y sociosanitarias de modo que aseguremos la mejora sostenible de sus resultados de salud.<\/p>\n<\/div><\/section><\/div>\n","protected":false},"excerpt":{"rendered":"","protected":false},"author":8,"featured_media":0,"parent":0,"menu_order":0,"comment_status":"closed","ping_status":"closed","template":"","meta":{"footnotes":""},"yoast_head":"<!-- This site is optimized with the Yoast SEO plugin v22.9 - https:\/\/yoast.com\/wordpress\/plugins\/seo\/ -->\n<title>Manifiesto - thinkandactforvalue.com<\/title>\n<meta name=\"robots\" content=\"index, follow, max-snippet:-1, max-image-preview:large, max-video-preview:-1\" \/>\n<link rel=\"canonical\" href=\"https:\/\/eithealth.es\/thinkandactforvalue\/manifiesto\/\" \/>\n<meta property=\"og:locale\" content=\"es_ES\" \/>\n<meta property=\"og:type\" content=\"article\" \/>\n<meta property=\"og:title\" content=\"Manifiesto - thinkandactforvalue.com\" \/>\n<meta property=\"og:url\" content=\"https:\/\/eithealth.es\/thinkandactforvalue\/manifiesto\/\" \/>\n<meta property=\"og:site_name\" content=\"thinkandactforvalue.com\" \/>\n<meta property=\"article:modified_time\" content=\"2024-07-18T06:33:23+00:00\" \/>\n<meta name=\"twitter:card\" content=\"summary_large_image\" \/>\n<meta name=\"twitter:label1\" content=\"Tiempo de lectura\" \/>\n\t<meta name=\"twitter:data1\" content=\"2 minutos\" \/>\n<script type=\"application\/ld+json\" class=\"yoast-schema-graph\">{\"@context\":\"https:\/\/schema.org\",\"@graph\":[{\"@type\":\"WebPage\",\"@id\":\"https:\/\/eithealth.es\/thinkandactforvalue\/manifiesto\/\",\"url\":\"https:\/\/eithealth.es\/thinkandactforvalue\/manifiesto\/\",\"name\":\"Manifiesto - thinkandactforvalue.com\",\"isPartOf\":{\"@id\":\"https:\/\/eithealth.es\/thinkandactforvalue\/#website\"},\"datePublished\":\"2024-05-23T11:08:54+00:00\",\"dateModified\":\"2024-07-18T06:33:23+00:00\",\"breadcrumb\":{\"@id\":\"https:\/\/eithealth.es\/thinkandactforvalue\/manifiesto\/#breadcrumb\"},\"inLanguage\":\"es\",\"potentialAction\":[{\"@type\":\"ReadAction\",\"target\":[\"https:\/\/eithealth.es\/thinkandactforvalue\/manifiesto\/\"]}]},{\"@type\":\"BreadcrumbList\",\"@id\":\"https:\/\/eithealth.es\/thinkandactforvalue\/manifiesto\/#breadcrumb\",\"itemListElement\":[{\"@type\":\"ListItem\",\"position\":1,\"name\":\"Portada\",\"item\":\"https:\/\/eithealth.es\/thinkandactforvalue\/inicio-new-2\/\"},{\"@type\":\"ListItem\",\"position\":2,\"name\":\"Manifiesto\"}]},{\"@type\":\"WebSite\",\"@id\":\"https:\/\/eithealth.es\/thinkandactforvalue\/#website\",\"url\":\"https:\/\/eithealth.es\/thinkandactforvalue\/\",\"name\":\"thinkandactforvalue.com\",\"description\":\"Beneficios de la Atenci\u00f3n Sanitaria Basada en Valor\",\"publisher\":{\"@id\":\"https:\/\/eithealth.es\/thinkandactforvalue\/#organization\"},\"potentialAction\":[{\"@type\":\"SearchAction\",\"target\":{\"@type\":\"EntryPoint\",\"urlTemplate\":\"https:\/\/eithealth.es\/thinkandactforvalue\/?s={search_term_string}\"},\"query-input\":\"required name=search_term_string\"}],\"inLanguage\":\"es\"},{\"@type\":\"Organization\",\"@id\":\"https:\/\/eithealth.es\/thinkandactforvalue\/#organization\",\"name\":\"Think & Act for Value\",\"url\":\"https:\/\/eithealth.es\/thinkandactforvalue\/\",\"logo\":{\"@type\":\"ImageObject\",\"inLanguage\":\"es\",\"@id\":\"https:\/\/eithealth.es\/thinkandactforvalue\/#\/schema\/logo\/image\/\",\"url\":\"https:\/\/eithealth.es\/thinkandactforvalue\/wp-content\/uploads\/2022\/05\/imagotipo_CMYK_01.jpg\",\"contentUrl\":\"https:\/\/eithealth.es\/thinkandactforvalue\/wp-content\/uploads\/2022\/05\/imagotipo_CMYK_01.jpg\",\"width\":1754,\"height\":843,\"caption\":\"Think & Act for Value\"},\"image\":{\"@id\":\"https:\/\/eithealth.es\/thinkandactforvalue\/#\/schema\/logo\/image\/\"}}]}<\/script>\n<!-- \/ Yoast SEO plugin. -->","yoast_head_json":{"title":"Manifiesto - thinkandactforvalue.com","robots":{"index":"index","follow":"follow","max-snippet":"max-snippet:-1","max-image-preview":"max-image-preview:large","max-video-preview":"max-video-preview:-1"},"canonical":"https:\/\/eithealth.es\/thinkandactforvalue\/manifiesto\/","og_locale":"es_ES","og_type":"article","og_title":"Manifiesto - thinkandactforvalue.com","og_url":"https:\/\/eithealth.es\/thinkandactforvalue\/manifiesto\/","og_site_name":"thinkandactforvalue.com","article_modified_time":"2024-07-18T06:33:23+00:00","twitter_card":"summary_large_image","twitter_misc":{"Tiempo de lectura":"2 minutos"},"schema":{"@context":"https:\/\/schema.org","@graph":[{"@type":"WebPage","@id":"https:\/\/eithealth.es\/thinkandactforvalue\/manifiesto\/","url":"https:\/\/eithealth.es\/thinkandactforvalue\/manifiesto\/","name":"Manifiesto - thinkandactforvalue.com","isPartOf":{"@id":"https:\/\/eithealth.es\/thinkandactforvalue\/#website"},"datePublished":"2024-05-23T11:08:54+00:00","dateModified":"2024-07-18T06:33:23+00:00","breadcrumb":{"@id":"https:\/\/eithealth.es\/thinkandactforvalue\/manifiesto\/#breadcrumb"},"inLanguage":"es","potentialAction":[{"@type":"ReadAction","target":["https:\/\/eithealth.es\/thinkandactforvalue\/manifiesto\/"]}]},{"@type":"BreadcrumbList","@id":"https:\/\/eithealth.es\/thinkandactforvalue\/manifiesto\/#breadcrumb","itemListElement":[{"@type":"ListItem","position":1,"name":"Portada","item":"https:\/\/eithealth.es\/thinkandactforvalue\/inicio-new-2\/"},{"@type":"ListItem","position":2,"name":"Manifiesto"}]},{"@type":"WebSite","@id":"https:\/\/eithealth.es\/thinkandactforvalue\/#website","url":"https:\/\/eithealth.es\/thinkandactforvalue\/","name":"thinkandactforvalue.com","description":"Beneficios de la Atenci\u00f3n Sanitaria Basada en Valor","publisher":{"@id":"https:\/\/eithealth.es\/thinkandactforvalue\/#organization"},"potentialAction":[{"@type":"SearchAction","target":{"@type":"EntryPoint","urlTemplate":"https:\/\/eithealth.es\/thinkandactforvalue\/?s={search_term_string}"},"query-input":"required name=search_term_string"}],"inLanguage":"es"},{"@type":"Organization","@id":"https:\/\/eithealth.es\/thinkandactforvalue\/#organization","name":"Think & Act for Value","url":"https:\/\/eithealth.es\/thinkandactforvalue\/","logo":{"@type":"ImageObject","inLanguage":"es","@id":"https:\/\/eithealth.es\/thinkandactforvalue\/#\/schema\/logo\/image\/","url":"https:\/\/eithealth.es\/thinkandactforvalue\/wp-content\/uploads\/2022\/05\/imagotipo_CMYK_01.jpg","contentUrl":"https:\/\/eithealth.es\/thinkandactforvalue\/wp-content\/uploads\/2022\/05\/imagotipo_CMYK_01.jpg","width":1754,"height":843,"caption":"Think & Act for Value"},"image":{"@id":"https:\/\/eithealth.es\/thinkandactforvalue\/#\/schema\/logo\/image\/"}}]}},"_links":{"self":[{"href":"https:\/\/eithealth.es\/thinkandactforvalue\/wp-json\/wp\/v2\/pages\/1714"}],"collection":[{"href":"https:\/\/eithealth.es\/thinkandactforvalue\/wp-json\/wp\/v2\/pages"}],"about":[{"href":"https:\/\/eithealth.es\/thinkandactforvalue\/wp-json\/wp\/v2\/types\/page"}],"author":[{"embeddable":true,"href":"https:\/\/eithealth.es\/thinkandactforvalue\/wp-json\/wp\/v2\/users\/8"}],"replies":[{"embeddable":true,"href":"https:\/\/eithealth.es\/thinkandactforvalue\/wp-json\/wp\/v2\/comments?post=1714"}],"version-history":[{"count":8,"href":"https:\/\/eithealth.es\/thinkandactforvalue\/wp-json\/wp\/v2\/pages\/1714\/revisions"}],"predecessor-version":[{"id":2050,"href":"https:\/\/eithealth.es\/thinkandactforvalue\/wp-json\/wp\/v2\/pages\/1714\/revisions\/2050"}],"wp:attachment":[{"href":"https:\/\/eithealth.es\/thinkandactforvalue\/wp-json\/wp\/v2\/media?parent=1714"}],"curies":[{"name":"wp","href":"https:\/\/api.w.org\/{rel}","templated":true}]}}